**2. Calculate f(0).
-12
Let q(u) = u**3 + 6*u**2 + 3*u - 7. Let d be q(-5). Suppose -m = s - 0*m - 5, s - 4*m + 10 = 0. Let b = s + d. Let t(j) = -j + 2. What is t(b)?
-3
Let i(v) = 14*v + 1. Suppose 0*n + 4 = -n + h, -4*n - h = 1. Calculate i(n).
-13
Let m = 0 + -4. Let d(s) = 10*s + 4*s - 11*s + 5. Calculate d(m).
-7
Let o(f) = 7*f**3 - f**2 - 6*f. Let w(x) = -6*x**3 + 5*x. Let b(v) = 5*o(v) + 6*w(v). Suppose d - 14 = a, 4*a + 2*d = -15 - 65. Let t = a - -13. Give b(t).
0
Let a(q) = -q**2 - 5*q - 7 + 0*q**2 + 1. Let k(h) = -2*h**3 + h**2 + 5*h - 2. Let t be k(2). Determine a(t).
-2
Let s(p) be the third derivative of p**6/180 + p**4/8 + 2*p**2. Let f(k) be the second derivative of s(k). What is f(2)?
8
Let s = -6 + 11. Let q(j) be the third derivative of 0 - 1/8*j**4 - 7*j**2 + j**3 + 0*j. Calculate q(s).
-9
Suppose -4*f = 5*u - 11, 0 = -5*u - 5*f + 2*f + 12. Let t(c) be the first derivative of 1/3*c**u + c + 9/4*c**4 + 1/2*c**2 + 3. Calculate t(-1).
-8
Let v be (-2)/(-10) + (270/25 - 7). Let b(o) = 4*o - 5. Let h(a) = a. Let p(g) = b(g) - 3*h(g). Determine p(v).
-1
Let p(a) = 0 + 144*a - a**3 - 7 - 149*a + 7*a**2. Calculate p(6).
-1
Let r(o) = -o - 2. Let z(m) = m**2 + 13*m + 4. Suppose -25 = -5*v, 2*g + 36 = 4*v - 10. Let t be z(g). What is r(t)?
-6
Suppose 3 - 13 = -2*q. Let n(l) = -l - 2. Calculate n(q).
-7
Let j be (-6)/(-4)*40/6. Let k(b) = -b**3 + 9*b**2 + 11*b - 8. Let l be k(j). Let p(s) = s**2 + 3*s - 1. What is p(l)?
9
Let a(u) = u**3 - u**2 - u + 3. Let g be a(0). Let x(j) = -j**3 + g - 2*j**2 - 2*j**2 + j - 6 + 4*j. What is x(-5)?
-3
Let p(h) = 2 + h**3 - 2*h + h + 4*h**2 + 0*h. Let t = 15 + -21. Let b = t - -2. Calculate p(b).
6
Let u(b) = -b**3 - 1. Let j(i) = -7*i**3 - 6*i**2 - 7*i - 5. Let k(a) = j(a) - 6*u(a). What is k(-5)?
11
Let u(g) = -g - 3. Suppose -5*y + 2*a - a - 36 = 0, 3*y + 4*a + 17 = 0. Give u(y).
4
Let n(o) = -o**2 + 4*o + 8. Let z be n(6). Let h(j) = -j - 1. What is h(z)?
3
Suppose m + 3*q = 0, 2*m - 3*q = -2*m + 15. Let d(y) = y**2 - 1. Let j(l) = 5*l**2 - 3*l - 6. Let a(b) = -4*d(b) + j(b). Give a(m).
-2
Let t(w) = -w**2 + 4*w + 4. Let x be -3 + (11 - (1 + 1)). Calculate t(x).
-8
Let h = 11 + -9. Let d(q) = -3*q + 1. Give d(h).
-5
Let y(l) = -l**3 + 2*l**2 - 3*l + 2. Let s be y(2). Let g(b) be the third derivative of 1/3*b**3 + 1/60*b**5 + b**2 + 0*b + 0 + 1/8*b**4. Calculate g(s).
6
Let b(w) = -8*w**3 + 0*w - 5*w**2 + w + 6*w**3 + w**3. Suppose -2*q + 7*q + 25 = 0. Calculate b(q).
-5
Let j(g) = g + 1. Let z = -7 + 9. Give j(z).
3
Let r = -4 - -10. Let c be r*-1*6/9. Let g(j) = j + 2. Let v be g(c). Let s(q) = -q**3 - 2*q**2 - q - 1. Determine s(v).
1
Suppose -k + 9 = 4*m, -24 + 6 = 2*m - 4*k. Let b(v) = 9*v**2 + 3*v. Let w(l) = -8*l**2 - 2*l. Let g(s) = 3*b(s) + 4*w(s). Determine g(m).
-4
Suppose -5*s = -15, -m - 2*s + 4 = -2*m. Let o(q) = 3*q**2 + 4*q - m + q - 4*q**2 + q. Let f be 68/12 - 1/(-3). Determine o(f).
-2
Suppose 5*a + 10 = b + b, 6 = b - 3*a. Let s(z) = z**3 - 3*z + 2*z**2 - 4*z**2 + b - 2. Calculate s(3).
-2
Let h(l) be the second derivative of -2*l**3/3 - 3*l**2/2 - 4*l. Let q(w) = w + 1. Let z(t) = -h(t) - 6*q(t). Calculate z(-2).
1
Let p(s) = -23*s - s**2 + 8*s + 8*s - 4 + 2*s. Let q(a) = -a**2 + 6*a + 2. Let v be q(7). What is p(v)?
-4
Let m(g) = 3*g - 2. Suppose -4*r + 0*r = -16. Suppose -r*c = 4*u - 4, 5*u - 5*c = -4*c + 17. What is m(u)?
7
Let f(w) be the second derivative of -3*w**2 + 1/12*w**4 + w + 1/2*w**3 + 0. Calculate f(-5).
4
Let n(s) = -3*s + 9*s + 5*s**2 - 23 - s**3 + 19. Give n(6).
-4
Let i(m) = 3*m**2. Let l be i(1). Let o(f) = -3*f + 3*f**3 - 4*f**2 + f**3 - 2 - 3*f**3 + 6*f. What is o(l)?
-2
Let y(s) = -11*s + 2. Let u(c) = -6*c + 1. Let w(h) = 5*u(h) - 2*y(h). Give w(1).
-7
Let m(z) be the second derivative of z**4/24 - z**3/6 + 3*z**2/2 + 3*z. Let b(o) be the first derivative of m(o). What is b(-1)?
-2
Suppose 3*u = 7*u - 8. Let f(b) be the third derivative of 0 + 1/6*b**3 - 1/8*b**4 + 0*b + b**2. Give f(u).
-5
Suppose 13 = -4*f - 7. Let b(z) = -2*z + 3. Let v(w) = -2*w + 4. Let o(y) = f*b(y) + 4*v(y). Suppose -2*p = -4*q + 6, -p - q + 6*q = 0. What is o(p)?
-9
Let b(l) be the second derivative of l**5/20 - 2*l**4/3 + l**3 + l**2 + 9*l. Calculate b(7).
-5
Suppose 3*x + 33 = 9. Let s be (-50)/x + 1/(-4). Suppose -z + s*z - 10 = 0. Let r(f) = f**3 - 3*f**2 - 1. Give r(z).
-5
Let b = -6 + 3. Let r(d) = -d - 3. Let v be r(b). Let m(p) be the third derivative of -p**4/24 - 5*p**3/6 - 3*p**2. Determine m(v).
-5
Let o(g) = -g**2 + g. Let z(t) = 3*t**2 + 4*t - 3 + 5*t**2 + t**2 + 3*t**3 - 4*t**3. Let u(p) = -3*o(p) - z(p). What is u(7)?
3
Let m(y) be the first derivative of y**2/2 + y - 10. Determine m(4).
5
Let n(o) = -o - o - 2*o - 3*o + 1. Suppose -4*u = -0*u - 8. Let m = u + -1. Calculate n(m).
-6
Let g(o) = 4*o**2 - 1. Suppose 0*j - 2*t - 38 = 4*j, 5*t = 15. Let i = 6 + j. Let b(z) = z**2 + 5*z + 1. Let a be b(i). What is g(a)?
3
Suppose -c + 1 = -0*c. Let s be c/(-4) + 9/4. Let z(n) = -n**2 - 7 + 5*n + 4 - s*n**2 + n**2. Determine z(3).
-6
Let j(g) be the third derivative of g**5/60 + 7*g**4/24 + g**3 + g**2. Let p(d) = d**2 + 40*d - 6. Let h be p(-40). Determine j(h).
0
Let d(j) be the third derivative of j**6/120 + j**5/12 + 5*j**4/24 + j**3/2 + 4*j**2. Suppose -3*l - 18 = 3*v, 5 = 3*l + 4*v + 25. What is d(l)?
-1
Let c(n) = -2*n**2 + 4*n + 1. Let j(k) = 3*k**2 - 3*k. Let z(l) = -4*c(l) - 3*j(l). Let q(r) = -r**2 + 7*r + 24. Let t be q(10). Calculate z(t).
2
Let f(d) = -2*d - 1. Let h(n) = -n**2 - 24*n - 6. Let a be h(-24). Give f(a).
11
Let v(a) = a**2 + 2*a - 4. Let m be (-2)/(-12) - (-34)/12. Suppose 0 = -3*i + 4*d + 29, -2*i = m*d + d + 14. Determine v(i).
11
Let h(c) = -c**2 - 4*c + 10. Let m be 35/20*(-7 + 3). What is h(m)?
-11
Let x(k) = k - 14. Let q(r) = 3*r - 41. Let w(f) = 2*q(f) - 7*x(f). What is w(11)?
5
Let v = 7 + -9. Let x(t) be the third derivative of t**6/120 + t**5/30 + t**4/12 + t**3/6 - t**2. Give x(v).
-3
Let l(w) = -12*w - 5. Let f(t) = -187*t - 77. Let c(s) = 5*f(s) - 77*l(s). Give c(-2).
22
Let c(l) = -l**3 - 10*l**2 + 11*l + 5. Let s be c(-11). Let t(b) = -2*b + 2. Calculate t(s).
-8
Let r(j) = j**3 + 6*j**2 - 4. Let g(o) = -5*o**3 - 30*o**2 + 21. Let v(h) = -2*g(h) - 11*r(h). Let t be (-1)/(-2)*(-14 - -2). Give v(t).
2
Let l(i) be the first derivative of 3/2*i**2 - 2 + 1/3*i**3 - 2*i. Calculate l(-4).
2
Let q(h) = -h**3 - h**2 - h. Let t be 1*-7 - (4 - 4). Let l = 5 + t. Calculate q(l).
6
Suppose -25 = 5*g + d + 2*d, 13 = g - 3*d. Let a(y) = -3*y - 2. Calculate a(g).
4
Let g(a) = a + 2. Let k be (-96)/21 + ((-72)/21 - -3). Calculate g(k).
-3
Suppose -3 = -4*d + 21. Let t be 2/(15/d - 2). Let g(x) = -4 + 5*x + t + x**2. What is g(-3)?
-6
Suppose -4*j = 5*a - 26, -5*a - 5*j = -20 - 10. Let b(h) = -h**3 + 2*h - 1. Let l be b(a). Let o = -4 - l. Let q(d) = -10*d**2 - d + 1. Determine q(o).
-10
Let b(f) be the third derivative of f**5/60 - f**4/6 - f**3/6 - f**2. Let h be 9*(-2)/(-3) + -2. Determine b(h).
-1
Let o be ((-56)/16)/(7/2 + -3). Let r(u) = -2*u - 5. What is r(o)?
9
Let u(i) be the first derivative of 5*i**2/2 - i - 44. Give u(5).
24
Let j = -5 + 8. Let f(y) be the third derivative of -y**6/120 + y**5/20 - y**4/12 + y**3/2 + 3*y**2. Calculate f(j).
-3
Suppose 0 = -0*z + z + 4*x + 4, 12 = -3*z + 5*x. Let v = z - -1. Let y(o) = o**2 + 5*o + 4. What is y(v)?
-2
Suppose -5 + 17 = 3*q. Let m be q + (0 - -2) + -3. Let w(l) = -l**3 + 4*l**2 - 3*l + 4. Determine w(m).
4
Let y(s) be the first derivative of 1/4*s**4 + 4 - 1/3*s**3 + 1/2*s**2 + s. What is y(0)?
1
Let k(c) be the first derivative of -3/2*c**2 + 0*c**4 + 1/6*c**3 + 2 + 0*c + 1/10*c**5. Let y(b) be the second derivative of k(b). Calculate y(1).
7
Let t(k) = 8*k - 5. Let z(f) = -9*f + 6. Let s(c) = 5*t(c) + 4*z(c). Let y = -5 + 11. Let x be 8/(-12) - 2/y. What is s(x)?
-5
Let n(h) = -h**3 + h**2 + h + 2. Suppose -3*t - 5 = 2*t. Let d = t + 3. Suppose d*j = -j. Give n(j).
2
Let n(o) = 5*o**3 + o**2 + 2*o. Let b(v) = 14*v**3 + 2*v**2 + 6*v. Let x(d) = 3*b(d) - 8*n(d). What is x(2)?
12
Let i be 1/3 - 85/(-15). Let v(p) = -p**2 + 7*p - 2. Give v(i).
4
Let x(h) = -h**2 + 4*h - 6. Let b = -30 - -46. Suppose g = -3*t + b, t - 5*g = -0*g - 16. Calculate x(t).
-6
Suppose 40*c - 20 = 45*c. L